q**2 + 5*q + 4. Let z(x) = -x**3 - 4*x**2 + 3*x - 4. Let n be z(-5). Let r be s(n). Determine t(r).
3
Let i(c) = -4*c. Let s(r) = -4*r + 22. Suppose 4*u = 20 + 4. Let g be s(u). Calculate i(g).
8
Suppose -57*o = -59*o - 6. Let r(d) = d**2 + 2*d - 3. Calculate r(o).
0
Suppose 0 = -9*c - 9 + 27. Let d(b) = -3 - b**3 + 4 + 3*b + 3 - 2*b**c. Calculate d(-3).
4
Let t(d) = d**3 + d**2 + d - 1. Let k(p) = -8*p + 162 + p**2 - 2*p**3 - p - 156. Let a(w) = k(w) + 3*t(w). What is a(-5)?
8
Let u(x) = 34 - 8 - 11 - x - 14. Determine u(2).
-1
Let d(m) = 0 + 1 + m + 4*m + 7. Let t be d(-3). Let p(q) = -8 + 2*q - 3*q - 2. What is p(t)?
-3
Suppose 2*y + 18 - 6 = j, 2*y + 3*j + 12 = 0. Let u(i) = i**3 + 5*i**2 - 4*i + 3. Calculate u(y).
-9
Let z(v) = v**3 - 6*v**2 - 2*v + 2. Suppose -q = -0*q + 3. Let c be 3/(q/(-4))*39/26. Give z(c).
-10
Suppose 4*m + 12 = 10*m. Let d be (m + -3)/2 - (-3)/2. Let s(p) = -7*p. Calculate s(d).
-7
Suppose 0 = -5*n - 2*p - 3*p - 35, -4*n + 17 = -5*p. Let k(c) = -13*c - 22. Let v(a) = 5*a + 7. Let i(r) = -2*k(r) - 6*v(r). Calculate i(n).
10
Let r(x) = 2*x**2 - x - 1. Let d(s) = 6*s**2 + 1. Let z be (1 + 1)/(8 + -6). Let w be d(z). Let p(c) = c - 5. Let f be p(w). What is r(f)?
5
Let d = 4 + 1. Let a(h) = -4 + 4 - d*h. Let f(x) = 89*x + 622. Let m be f(-7). Calculate a(m).
5
Let r(g) = 6*g - 2 + 0 - 15*g + 6*g + 18. Determine r(6).
-2
Let l(f) = f**3 - 9*f**2 + 4*f + 8. Let i(x) = 32*x + 136. Let z be i(-4). What is l(z)?
-24
Let t(q) = q**2 - 5*q - 2. Let f be t(4). Let h(i) be the third derivative of i**4/24 - 28*i**2. What is h(f)?
-6
Let h(a) = -8*a + 6. Let j(n) = 1. Let m(r) = -h(r) + 5*j(r). Let l be 4/1 + 12/(-4). What is m(l)?
7
Suppose -3*c + 109 = 82. Let m(f) = -2*f**2 + 19*f - 13. Calculate m(c).
-4
Let b be 1/2 - 30/(-4). Suppose -a + 0*a = -2*z + b, -4*a = 3*z - 23. Let q(l) = 24*l - 26*l + z - 2 - 3*l**2 - 4. Calculate q(-1).
-2
Suppose -81*u = -80*u - 1. Let s(t) = -12*t**3 + t**2 - t + 1. What is s(u)?
-11
Let y(b) = 7*b**2 + 13*b + 3. Let g(u) = -5*u**2 - 14*u - 3. Let c(a) = -5*g(a) - 4*y(a). Calculate c(6).
3
Let u(a) be the third derivative of a**6/120 - 4*a**5/15 - 2*a**4/3 - 7*a**3/2 - 2*a**2 + 59*a. Calculate u(17).
-4
Let d(v) = 3*v**2 - 8*v + 3. Let b(c) = -16*c**2 + 39*c - 14. Let p(n) = -2*b(n) - 11*d(n). Determine p(10).
-5
Let l(x) = -x**3 + 5*x**2 + 3*x - 5. Suppose -b = -4*b - 3*w + 12, -b - 4*w + 1 = 0. Give l(b).
10
Let x(u) = 475 - 418 - 6*u + 2*u. What is x(13)?
5
Let f(i) = -i. Let j(u) = -3*u**2 + 71*u - 41. Let d be j(23). Give f(d).
-5
Let h(i) = i. Suppose 3*z - 23 = n + 29, n - 28 = -2*z. Let l(d) = 0 + 2 + 17*d**2 + 6*d - z*d**2. Let g be l(-5). What is h(g)?
-3
Suppose -5 = -2*x - 3*x + 5*d, -4*x + 10 = -2*d. Suppose -3*y + 11 = -2*z, 2*y - 16 = -3*z - 0*z. Let l(u) = -z*u + u**2 + 21 - 4*u + u - 22. Determine l(x).
-5
Let i(b) = 1 - b - 3 + 2*b. Suppose 42 = 15*u - 48. Determine i(u).
4
Let a(w) be the third derivative of -w**5/60 - w**4/24 + w**3 + 3*w**2. Calculate a(-5).
-14
Let n = 2521 + -2518. Let r(g) be the first derivative of -1/2*g**2 + 6 - n*g. Give r(-6).
3
Let i(w) = -w**2 + 4*w. Let a(z) = z**2 - 15*z - 12. Let f be a(16). Suppose -4*c = f*m, -6 = m - 2*m + c. Give i(m).
3
Let z = -14 - -20. Let u(o) = -8*o**2 + 26*o - 6. Let c(n) = -5*n**2 + 17*n - 3. Let y(k) = 5*c(k) - 3*u(k). Give y(z).
9
Let x(k) = -18*k. Let y(o) = o - 1. Let w(h) = x(h) + y(h). Determine w(2).
-35
Let s be 4*(-15)/2*(-1)/15. Let c(y) = 9*y - 5. Calculate c(s).
13
Suppose -15 = t - 4*t. Let f(v) be the second derivative of v**5/20 - v**4/3 - 7*v**3/6 + v**2 - 8*v - 4. What is f(t)?
-8
Suppose 356 = -59*r - 30*r. Let p(n) = n**3 + 3*n**2 - 5*n + 6. Determine p(r).
10
Let p(u) = -7*u - 7. Let h be p(-2). Let a(y) = -2*y + 10. What is a(h)?
-4
Let j be (2 - -8) + -2*6/(-4). Let q(h) = h**2 - 14*h - 15. Calculate q(j).
-28
Suppose -5*b = 5*i - 25, -10 - 9 = -5*b - 2*i. Let a(o) = -2*o**2 + 8*o**3 + 3*o + 1 + 4*o**2 - 9*o**3. What is a(b)?
1
Suppose 0 = -5*b - 3*l + 86, 4*l = -3*b + 37 + 8. Let f = b - 14. Let u(z) = -z**3 + 6*z**2 - 6. Calculate u(f).
19
Let s = -162 + 168. Let y = 5 - -1. Let q(n) = s + 2*n**2 - y*n**2 + n + 3*n**2. Give q(5).
-14
Let g(p) = -p + 3. Let m be -7 + 9 - 1/2*2. Let j be g(m). Let t(z) = -z**2 + 3*z - 1. Determine t(j).
1
Let b(m) be the first derivative of 5*m - 1/2*m**2 - 29. Determine b(5).
0
Suppose 0 = 3*i - 4*n + 10, -82*n - 16 = 2*i - 86*n. Let d(w) = -w + 1 + 2*w**3 - 2*w**3 + 6*w**2 - w**3. What is d(i)?
-5
Let m(v) be the third derivative of -v**6/120 - 7*v**5/60 - v**4/6 + v**3/3 + v**2 - 73*v. Give m(-4).
-30
Suppose 48 = -3*y + 6*y. Let d(v) = -y - 6 + 19 - 5*v. Suppose -3*k - 9 = -0. Give d(k).
12
Let u(o) = -o**3 - 3*o**2 - 5*o - 4. Let w be u(-2). Let t(p) = -6 + 3*p**2 + 0*p**2 - p**3 + 4*p + 2*p**w. Give t(6).
-18
Let t = 9 + -7. Let o(i) = -i**3 - 9*i**2 - 2*i + 7*i**t + 3 - 4. Give o(-1).
0
Let o(c) = -7*c**2 + 2*c + 3. Let i(d) = d**2 - 1. Let z(l) = -3*i(l) - o(l). Let q(j) = 5*j - 48. Let v = 50 - 40. Let g be q(v). Determine z(g).
12
Let p = 764 - 759. Let j(u) = -u**2 + 2*u + 9. What is j(p)?
-6
Let r(m) = 2*m - m + 64 - 57. Calculate r(-10).
-3
Suppose 5*x = -5*g + 65, 7*g - 2*g - 55 = -4*x. Suppose -x*k = -24*k + 14. Let i(u) = -u + 1. Give i(k).
0
Let l(a) = 15*a + 12. Let n(j) = -8*j - 6. Let p(h) = 3*l(h) + 5*n(h). Let g(x) = -4*x - 6. Let s(u) = -3*g(u) - 2*p(u). Give s(-5).
-4
Let r be 2/(-2*1/6 - -1). Let f(c) be the third derivative of 0*c + 1/12*c**4 + 1/3*c**3 + 1/120*c**6 + 0 - 1/15*c**5 + c**2. Calculate f(r).
-1
Let k(d) be the second derivative of -5*d**4/24 - d**3/3 - 17*d**2 + 8*d - 3. Let w(x) be the first derivative of k(x). Determine w(-2).
8
Let a(d) be the second derivative of -d**4/12 - d**3/2 + 7*d**2/2 - 476*d. What is a(2)?
-3
Let u(q) = -3*q + 1. Let r(y) = 28*y + 32. Let i(k) = r(k) + 5*u(k). Give i(-3).
-2
Suppose 0 - 15 = -5*a. Let l(x) = -x**3 + 12*x**2 - 10*x - 9. Let b be l(11). Let n(m) = 0*m - 2 + 3*m - m**b - 3 + 1. What is n(a)?
-4
Let r(z) be the second derivative of z**5/20 - 3*z**4/4 + z**3 - z**2 - 163*z. Calculate r(8).
-18
Let k(a) = -a**3 - 8*a**2 - 3*a + 16. Let x be k(-7). Let p(r) = -r - 10. What is p(x)?
2
Let y(g) be the third derivative of -g**8/10080 - g**7/2520 + g**5/12 + 10*g**2. Let t(q) be the third derivative of y(q). What is t(-2)?
-4
Let s(r) = r**3 - 8*r**2 + 2*r - 12. Let l = -39 + 15. Let a be 6/8*l/(-9). Let t be 9 - (4 - (a - -1)). Calculate s(t).
4
Let q be 7/21 + 2/3. Let r be q*0/3 + -6. Let l(t) be the third derivative of t**4/8 + 5*t**3/6 - 30*t**2 - 2*t. Give l(r).
-13
Let t(q) be the second derivative of q**3/3 - 3*q**2/2 + 17*q. Give t(3).
3
Let k(b) = 16*b - 3. Suppose 236 = -4*f + 248. Give k(f).
45
Let w(b) = 597*b - 602*b - 8 + 0. What is w(-5)?
17
Let m(x) = 5*x**3 + 2*x**2 + 2*x + 1. Let k be m(-1). Let p be 2*(-1)/k*(10 - -4). Let i(l) = l**2 - 5*l - 9. Calculate i(p).
5
Let p(n) = -2*n**3 - 10*n**2 + 14*n + 11. Let h be p(-6). Let j(w) = -12*w**3 - w**2 - w - 1. Give j(h).
11
Let p(g) be the first derivative of g**4/4 + g**3/3 - g**2/2 + 11*g - 2. Let d(h) = 17*h - 34. Let f be d(2). What is p(f)?
11
Let d = -25 + 27. Let b(g) = 8 + 12*g**2 + 10*g - 27*g**d - 2*g + 16*g**2. What is b(-6)?
-4
Suppose -6 = 3*y + 3. Let s(p) be the first derivative of p**2 - 66. Calculate s(y).
-6
Let b(d) = d - 1. Let t(c) = c**2 + 7*c - 11. Let n be t(-10). Suppose -h - 4*o + n = 0, 2*h - 2*o - 3 = -5. Let a be ((-2)/(-2))/(h/(-6)). Give b(a).
-3
Let y(x) = -4*x + x**2 - 3*x**2 + 3 + x**2 + x. Suppose -2*c = -5*g - 16 - 14, -2*g = 2*c + 12. What is y(g)?
-15
Let m(t) be the third derivative of -t**9/60480 - t**8/10080 - t**7/2520 + t**6/720 + t**5/15 - t**2. Let f(j) be the third derivative of m(j). Give f(-2).
5
Let m be -4*(-1 - 1/4). Suppose 14*x - 18*x + 8 = 0. Let i(f) = -x*f + 3 + 4*f - 3 - 7. Determine i(m).
3
Let a(p) = 2*p**2 - 8*p + 9. Let q be a(3). Let f(d) = -d**3 + 5*d**2 - 3*d - 3. Give f(q).
6
Let n(x) = x**2 - 3*x + 1. Suppose 8*c - 2*c + 204 = 0. Let u = c + 38. Calculate n(u).
5
Let f be (-1)/(4/252*3). Let d = -15 - f. Let c(h) = 6*h - d + 4 - 1 + 4. What is c(-1)?
-5
Let q = -8 - -4. Let t(i) be the first derivative of i**5/20 + i**4/3 + 3*i**2/2 + i - 7. Let s(c) b